(-65).
121
Let c(y) = y**2 - 104*y + 1. Give c(104).
1
Let z(u) = 110*u**3 - 2*u**2 - 2*u - 1. Determine z(-1).
-111
Let w(f) = 85*f + 1230. Determine w(-33).
-1575
Let f(p) = p**2 - 49*p + 43. What is f(48)?
-5
Let l(b) = b**2 + 14*b - 67. What is l(5)?
28
Let y(g) = 7*g - 518. Determine y(69).
-35
Let u(y) = -43*y + 1687. What is u(40)?
-33
Let q(b) = 9*b**2 + b. Calculate q(-1).
8
Let a(q) = 570*q - 6832. What is a(12)?
8
Let a(p) = p**3 - p**2 + p - 126. Give a(10).
784
Let v(d) = 2*d**3 - 64*d**2 + 263*d - 6216. Give v(31).
15
Let i(x) = x**2 - 159*x + 1492. Determine i(10).
2
Let v(f) = -f**3 + 7*f**2 - 3*f + 201. What is v(9)?
12
Let d(u) = 2*u**2 - 573*u - 8092. Give d(300).
8
Let t(d) = -d**3 + 2*d**2 + 50*d + 9. What is t(11)?
-530
Let h(q) = 3*q**2 + 27*q - 303. Give h(13).
555
Let y(r) = r**3 + 18*r**2 + 46*r + 836. What is y(-18)?
8
Let b(j) = 7*j**2 + 66*j + 171. Determine b(-6).
27
Let d(c) = -c**3 + 16*c - 3. What is d(-2)?
-27
Let f(q) = 121*q - 2526. Determine f(24).
378
Let j(m) = 210*m - 8406. Determine j(40).
-6
Let k(p) = p**3 + 14*p**2 - 365*p - 5268. What is k(-15)?
-18
Let w(l) = l**3 - 18*l**2 - 12*l + 211. Calculate w(18).
-5
Let q(b) = 51*b**2 + 34*b + 95. Determine q(-3).
452
Let b(u) = 2*u**3 + 134*u**2 - 279*u - 204. Calculate b(-69).
3
Let h(q) = -213*q + 2384. Calculate h(11).
41
Let b(n) = 2*n**2 - 407*n - 6121. What is b(-14)?
-31
Let y(r) = 47*r + 2195. Calculate y(-53).
-296
Let k(i) = -i**2 - 4261*i - 25545. Calculate k(-6).
-15
Let f(i) = -i**2 + 120*i - 3242. Give f(79).
-3
Let o(g) = -g**3 + 8*g**2 - 11*g - 10. Determine o(7).
-38
Let k(y) = -2*y**3 - 79*y**2 + 31*y - 358. What is k(-40)?
2
Let k(d) = 46*d + 963. What is k(-29)?
-371
Let g(n) = -n**3 - 7*n**2 + 22*n + 137. What is g(-8)?
25
Let q(y) = 272*y + 1345. Give q(-5).
-15
Let j(r) = r**3 - 22*r**2 - 30*r + 57. Determine j(23).
-104
Let k(t) = t**3 - 17*t**2 + 18*t + 106. Calculate k(16).
138
Let y(w) = -1144*w + 4545. Calculate y(4).
-31
Let r(z) = -45*z - 4806. What is r(-104)?
-126
Let b(m) = -2*m**3 + 63*m**2 + 173*m - 101. What is b(34)?
1
Let i(n) = -93*n + 132. What is i(-1)?
225
Let n(v) = 97*v - 326. Calculate n(4).
62
Let p(i) = 2*i**3 + 73*i**2 - 111*i + 155. Determine p(-38).
41
Let h(l) = 5*l - 135. What is h(20)?
-35
Let y(a) = 46*a + 23. Determine y(-7).
-299
Let v(l) = 678*l**2 + 4752*l + 38. Determine v(-7).
-4
Let o(p) = 2*p**3 - 43*p**2 - 65*p - 96. Calculate o(23).
-4
Let q(d) = d**3 - 4*d**2 - 205*d + 1004. Calculate q(5).
4
Let i(v) = 2*v**2 - 5670*v + 45268. Calculate i(8).
36
Let t(i) = i**2 + 7*i + 75. What is t(10)?
245
Let a(m) = m**2 + 5571*m + 99946. Calculate a(-18).
-8
Let f(s) = -190*s - 2656. Calculate f(-14).
4
Let g(y) = -80*y**2 - 130*y - 123. What is g(-1)?
-73
Let m(r) = -159*r - 957. Determine m(-6).
-3
Let u(l) = 18*l + 180. What is u(-18)?
-144
Let c(m) = 2*m**3 + 24*m**2 - 22*m + 24. Determine c(-8).
712
Let d(b) = -29*b + 132. What is d(5)?
-13
Let p(x) = -6*x**2 - 73*x - 72. Determine p(-1).
-5
Let i(h) = -67*h**2 - 459*h + 59. Determine i(-7).
-11
Let h(z) = -4*z**3 + 30*z**2 + 17*z - 11. Calculate h(8).
-3
Let b(t) = -t**3 - 306*t**2 + 252*t - 16887. Determine b(-307).
-2
Let i(d) = -33*d + 261. What is i(16)?
-267
Let c(x) = x**3 - 32*x**2 + 257*x - 89. Determine c(18).
1
Let w(g) = -31*g**2 + 241*g + 23. What is w(8)?
-33
Let h(a) = -627*a - 8773. Calculate h(-14).
5
Let z(x) = 1351*x - 4020. Calculate z(3).
33
Let d(v) = -7*v**2 - 8*v + 99. What is d(5)?
-116
Let t(h) = -h**3 - 6*h**2 + 1231*h + 4945. Calculate t(-4).
-11
Let k(z) = -z**3 + 19*z**2 + 26*z - 91. What is k(20)?
29
Let c(x) = 2*x**3 + 34*x**2 + 258*x + 3561. What is c(-16)?
-55
Let s(b) = b**3 - 122*b**2 + 3714*b - 126. Calculate s(64).
2
Let l(u) = 60*u - 1589. Calculate l(26).
-29
Let z(b) = -18*b + 170. Determine z(8).
26
Let s(u) = -u**2 - u + 543. Determine s(23).
-9
Let m(p) = 109*p - 3269. Give m(30).
1
Let m(b) = -4*b**2 - 59*b - 353. Give m(-7).
-136
Let r(g) = -49*g - 1005. Give r(-19).
-74
Let u(m) = -m**3 + 6*m**2 + 58*m + 162. What is u(12)?
-6
Let m(o) = -214*o - 8973. What is m(-42)?
15
Let x(p) = 89*p - 4789. Calculate x(53).
-72
Let l(w) = -36*w - 270. Give l(-7).
-18
Let p(g) = -g - 136. Determine p(8).
-144
Let v(j) = -6*j - 265. Give v(-43).
-7
Let k(y) = 3343*y - 3352. What is k(1)?
-9
Let x(k) = -213*k**2 + 73*k - 146. Give x(2).
-852
Let s(x) = -42*x - 88. What is s(-2)?
-4
Let f(o) = -11*o**2 + 208*o - 103. What is f(18)?
77
Let m(h) = 10*h + 39. Give m(28).
319
Let t(a) = 1745*a - 3528. Determine t(2).
-38
Let h(v) = 3*v**3 + 2*v**2 - 14*v + 12. Calculate h(2).
16
Let g(m) = -20*m**2 + 48*m + 116. Calculate g(4).
-12
Let v(t) = -t**2 - 319*t + 8577. Calculate v(25).
-23
Let q(a) = a**2 - 59*a - 3441. Give q(95).
-21
Let x(u) = 2*u**3 + 11*u**2 - 4*u - 84. Calculate x(-4).
-20
Let l(d) = -11*d**2 - 372*d - 2879. Give l(-22).
-19
Let j(r) = -r**2 - 65*r + 573. Give j(-71).
147
Let f(l) = 194*l - 1032. Determine f(5).
-62
Let t(s) = -329*s + 5250. Determine t(16).
-14
Let p(c) = -1259*c - 1262. Give p(-1).
-3
Let t(i) = 269*i - 813. Determine t(3).
-6
Let j(h) = -h**3 + 4*h**2 - 5*h + 127. Calculate j(6).
25
Let u(o) = 61*o**2 - 974*o - 38. Determine u(16).
-6
Let l(u) = u**3 - 16*u**2 + 44*u + 31. Determine l(13).
96
Let f(h) = 56*h - 17. Calculate f(-3).
-185
Let d(s) = -2*s**2 - 260*s + 862. What is d(-133)?
64
Let c(w) = -2*w**2 + 38*w - 13. Give c(19).
-13
Let a(y) = -16*y - 1. Determine a(-3).
47
Let b(o) = -10*o + 511. Give b(51).
1
Let q(k) = -k**3 - 20*k**2 - 30*k + 106. Calculate q(-18).
-2
Let z(v) = 52*v**2 + 1303*v + 64. Give z(-25).
-11
Let u(d) = -4*d - 272. What is u(-31)?
-148
Let s(x) = -4*x + 71. Calculate s(22).
-17
Let o(b) = -3*b**3 - 4*b**2 + 63*b - 1. Determine o(4).
-5
Let t(u) = u**3 + 68*u**2 - 63*u + 163. What is t(-69)?
-251
Let l(t) = -12*t + 576. Give l(48).
0
Let v(w) = 2*w**2 - 33*w + 77. Determine v(19).
172
Let r(y) = -2*y**2 + 10*y + 30. Calculate r(11).
-102
Let b(a) = 60*a + 59. Give b(-5).
-241
Let b(j) = -j**3 + 96*j**2 + 2186*j + 24. Give b(-19).
5
Let h(o) = -181*o - 2985. Calculate h(-17).
92
Let t(g) = 106*g + 3344. Give t(-31).
58
Let p(g) = g**2 + 468*g + 7124. Give p(-16).
-108
Let t(k) = -k**3 + 7*k**2 - 3*k - 91. What is t(0)?
-91
Let d(g) = -22*g**3 + 89*g**2 + 13. What is d(4)?
29
Let x(i) = -i**2 + i + 46. What is x(-10)?
-64
Let j(b) = -b**3 + 93*b**2 + 285*b + 282. What is j(96)?
-6
Let l(r) = -r**2 + 36*r + 579. What is l(-12)?
3
Let z(c) = 27*c + 12. Calculate z(1).
39
Let c(j) = -503*j + 26670. Determine c(53).
11
Let r(a) = a**3 + 40*a**2 + 78*a - 20. Give r(-38).
-96
Let m(r) = -2*r**2 - 28*r - 126. What is m(-6)?
-30
Let h(d) = d**3 + 91*d**2 + 1310*d - 286. Calculate h(-73).
6
Let d(u) = -2*u**2 + 129*u + 265. Determine d(-2).
-1
Let g(j) = -2*j**2 - 91*j + 51. Calculate g(-46).
5
Let q(m) = -3946*m + 23674. What is q(6)?
-2
Let p(g) = 193*g + 18332. Give p(-95).
-3
Let y(g) = 8*g**2 - 224*g + 160. Determine y(27).
-56
Let x(d) = -d**2 + 1894*d - 11342. What is x(6)?
-14
Let b(s) = 106*s - 1815. Determine b(17).
-13
Let p(o) = 2944*o + 23554. What is p(-8)?
2
Let z(t) = t**3 + 25*t**2 + 132*t - 15. Give z(-18).
-123
Let n(b) = 20*b**2 + 68*b + 392. Give n(-6).
704
Let m(i) = i**3 + 9*i**2 + 13*i + 46. Give m(-8).
6
Let q(p) = p**2 + 28*p + 210. What is q(-22)?
78
Let l(c) = -c**3 + 4*c**2 + 14*c - 40. Give l(5).
5
Let h(a) = -a**2 - 17*a + 1305. Determine h(28).
45
Let o(q) = 8*q**2 - 1047*q - 135. What is o(131)?
-4
Let w(b) = 2*b**3 + 5*b**2 - b - 11. Calculate w(3).
85
Let h(g) = 2*g**3 + 53*g**2 - 26*g - 107. Determine h(-27).
-134
Let q(d) = d**3 + 10*d**2 - 3*d + 52. Determine q(-12).
-200
Let d(c) = -c**3 + 19*c**2 - 70*c - 45. What is d(6)?
3
Let z(q) = 506*q - 14. Determine z(0).
-14
Let u(m) = 2*m**2 - 155*m - 3757. What is u(97)?
26
Let y(z) = -9*z**2 - 10*z + 62. What is y(0)?
62
Let v(c) = -170*c + 17163. Give v(101).
-7
Let a(r) = 3*r**3 - 26*r - 26. What is a(-3)?
-29
Let h(b) = -b**3 - 81*b**2 - 82*b - 150. Give h(-80).
10
Let b(i) = 15*i**2 + 1139*i - 1155. Determine b(1).
-1
Let q(i) = -5*i**3 - 4*i**2 + 15*i + 20. Calculate q(-1).
6
Let p(a) = -a**3 + a**2 + 20*a + 28. What is p(-2)?
0
Let p(n) = 6*n**2 - 91*n - 70. Determine p(